{"id":60,"date":"2022-06-25T14:50:24","date_gmt":"2022-06-25T12:50:24","guid":{"rendered":"https:\/\/olla-la.fr\/?post_type=product&#038;p=60"},"modified":"2022-06-28T16:11:34","modified_gmt":"2022-06-28T14:11:34","slug":"rouja","status":"publish","type":"product","link":"https:\/\/olla-la.fr\/index.php\/produit\/rouja\/","title":{"rendered":"Rouja"},"content":{"rendered":"<p style=\"text-align: center;\">Un ensemble string et soutien gorge, r\u00e9alis\u00e9 dans un superbe tulle brod\u00e9<br \/>\n3 strings coordonn\u00e9s: Ferm\u00e9, mini et ouvert<\/p>\n","protected":false},"excerpt":{"rendered":"<p>Un ensemble string et soutien gorge, r\u00e9alis\u00e9 dans un superbe tulle brod\u00e9 3 strings coordonn\u00e9s: Ferm\u00e9, mini et ouvert<\/p>\n","protected":false},"featured_media":64,"comment_status":"open","ping_status":"closed","template":"","meta":{"_et_pb_use_builder":"","_et_pb_old_content":"","_et_gb_content_width":""},"product_cat":[28,23],"product_tag":[],"class_list":["post-60","product","type-product","status-publish","has-post-thumbnail","hentry","product_cat-ensemble","product_cat-lola-luna"],"_links":{"self":[{"href":"https:\/\/olla-la.fr\/index.php\/wp-json\/wp\/v2\/product\/60","targetHints":{"allow":["GET"]}}],"collection":[{"href":"https:\/\/olla-la.fr\/index.php\/wp-json\/wp\/v2\/product"}],"about":[{"href":"https:\/\/olla-la.fr\/index.php\/wp-json\/wp\/v2\/types\/product"}],"replies":[{"embeddable":true,"href":"https:\/\/olla-la.fr\/index.php\/wp-json\/wp\/v2\/comments?post=60"}],"wp:featuredmedia":[{"embeddable":true,"href":"https:\/\/olla-la.fr\/index.php\/wp-json\/wp\/v2\/media\/64"}],"wp:attachment":[{"href":"https:\/\/olla-la.fr\/index.php\/wp-json\/wp\/v2\/media?parent=60"}],"wp:term":[{"taxonomy":"product_cat","embeddable":true,"href":"https:\/\/olla-la.fr\/index.php\/wp-json\/wp\/v2\/product_cat?post=60"},{"taxonomy":"product_tag","embeddable":true,"href":"https:\/\/olla-la.fr\/index.php\/wp-json\/wp\/v2\/product_tag?post=60"}],"curies":[{"name":"wp","href":"https:\/\/api.w.org\/{rel}","templated":true}]}}